{"id":661,"date":"2019-08-07T13:14:48","date_gmt":"2019-08-07T13:14:48","guid":{"rendered":"http:\/\/wp.kanther-syke.de\/?page_id=661"},"modified":"2019-08-28T15:33:37","modified_gmt":"2019-08-28T13:33:37","slug":"insektenschutz","status":"publish","type":"page","link":"https:\/\/kanther-syke.de\/?page_id=661","title":{"rendered":"Insektenschutz"},"content":{"rendered":"\t\t<div data-elementor-type=\"wp-post\" data-elementor-id=\"661\" class=\"elementor elementor-661\">\n\t\t\t\t\t\t<section class=\"elementor-section elementor-top-section elementor-element elementor-element-6fd1397e elementor-section-boxed elementor-section-height-default elementor-section-height-default\" data-id=\"6fd1397e\" data-element_type=\"section\" data-e-type=\"section\">\n\t\t\t\t\t\t<div class=\"elementor-container elementor-column-gap-default\">\n\t\t\t\t\t<div class=\"elementor-column elementor-col-100 elementor-top-column elementor-element elementor-element-7ae34e15\" data-id=\"7ae34e15\" data-element_type=\"column\" data-e-type=\"column\">\n\t\t\t<div class=\"elementor-widget-wrap elementor-element-populated\">\n\t\t\t\t\t\t<div class=\"elementor-element elementor-element-1b7c6144 elementor-widget elementor-widget-text-editor\" data-id=\"1b7c6144\" data-element_type=\"widget\" data-e-type=\"widget\" data-widget_type=\"text-editor.default\">\n\t\t\t\t<div class=\"elementor-widget-container\">\n\t\t\t\t\t\t\t\t\t<h2 class=\"elementor-heading-title elementor-size-default\">Insektenschutz &#8211; f\u00fcr viele Fensterarten und T\u00fcren erh\u00e4ltlich<\/h2><hr \/><h2 class=\"elementor-heading-title elementor-size-default\">\u00a0<\/h2><p><!-- \/wp:themeisle-blocks\/advanced-columns --><\/p>\t\t\t\t\t\t\t\t<\/div>\n\t\t\t\t<\/div>\n\t\t\t\t\t<\/div>\n\t\t<\/div>\n\t\t\t\t\t<\/div>\n\t\t<\/section>\n\t\t\t\t<section class=\"elementor-section elementor-top-section elementor-element elementor-element-04c146b elementor-section-boxed elementor-section-height-default elementor-section-height-default\" data-id=\"04c146b\" data-element_type=\"section\" data-e-type=\"section\">\n\t\t\t\t\t\t<div class=\"elementor-container elementor-column-gap-default\">\n\t\t\t\t\t<div class=\"elementor-column elementor-col-100 elementor-top-column elementor-element elementor-element-bf6de25\" data-id=\"bf6de25\" data-element_type=\"column\" data-e-type=\"column\">\n\t\t\t<div class=\"elementor-widget-wrap elementor-element-populated\">\n\t\t\t\t\t\t<div class=\"elementor-element elementor-element-687e9b4 elementor-widget elementor-widget-text-editor\" data-id=\"687e9b4\" data-element_type=\"widget\" data-e-type=\"widget\" data-widget_type=\"text-editor.default\">\n\t\t\t\t<div class=\"elementor-widget-container\">\n\t\t\t\t\t\t\t\t\t<p>Sobald die Temperaturen steigen und die Tage wieder l\u00e4nger werden, genie\u00dfen wir nicht nur gerne die freie Zeit an der frischen Luft. Auch Insekten treten dann vermehrt in Erscheinung. Egal ob Fliegen, M\u00fccken, kleine K\u00e4fer oder andere Krabbel- und Flugtiere &#8211; all diese wollen wir nicht in unseren R\u00e4umlichkeiten haben und k\u00f6nnen sie daher hervorragend mit einem passenden Insektenschutz vor den Fenstern und T\u00fcren abwehren, beispielsweise als Insektenschutzrollo, als Insektenschutzplissee oder als M\u00fcckengitter.<\/p>\t\t\t\t\t\t\t\t<\/div>\n\t\t\t\t<\/div>\n\t\t\t\t\t<\/div>\n\t\t<\/div>\n\t\t\t\t\t<\/div>\n\t\t<\/section>\n\t\t\t\t<section class=\"elementor-section elementor-top-section elementor-element elementor-element-e0b9b3e elementor-section-boxed elementor-section-height-default elementor-section-height-default\" data-id=\"e0b9b3e\" data-element_type=\"section\" data-e-type=\"section\">\n\t\t\t\t\t\t<div class=\"elementor-container elementor-column-gap-default\">\n\t\t\t\t\t<div class=\"elementor-column elementor-col-100 elementor-top-column elementor-element elementor-element-4090c9f\" data-id=\"4090c9f\" data-element_type=\"column\" data-e-type=\"column\">\n\t\t\t<div class=\"elementor-widget-wrap elementor-element-populated\">\n\t\t\t\t\t\t<div class=\"elementor-element elementor-element-a3523b9 elementor-widget elementor-widget-spacer\" data-id=\"a3523b9\" data-element_type=\"widget\" data-e-type=\"widget\" data-widget_type=\"spacer.default\">\n\t\t\t\t<div class=\"elementor-widget-container\">\n\t\t\t\t\t\t\t<div class=\"elementor-spacer\">\n\t\t\t<div class=\"elementor-spacer-inner\"><\/div>\n\t\t<\/div>\n\t\t\t\t\t\t<\/div>\n\t\t\t\t<\/div>\n\t\t\t\t\t<\/div>\n\t\t<\/div>\n\t\t\t\t\t<\/div>\n\t\t<\/section>\n\t\t\t\t<section class=\"elementor-section elementor-top-section elementor-element elementor-element-ec3d1f4 elementor-section-boxed elementor-section-height-default elementor-section-height-default\" data-id=\"ec3d1f4\" data-element_type=\"section\" data-e-type=\"section\">\n\t\t\t\t\t\t<div class=\"elementor-container elementor-column-gap-default\">\n\t\t\t\t\t<div class=\"elementor-column elementor-col-50 elementor-top-column elementor-element elementor-element-e2ccb12\" data-id=\"e2ccb12\" data-element_type=\"column\" data-e-type=\"column\">\n\t\t\t<div class=\"elementor-widget-wrap elementor-element-populated\">\n\t\t\t\t\t\t<div class=\"elementor-element elementor-element-95af89c elementor-button-info elementor-align-left elementor-invisible elementor-widget elementor-widget-button\" data-id=\"95af89c\" data-element_type=\"widget\" data-e-type=\"widget\" data-settings=\"{&quot;_animation&quot;:&quot;fadeIn&quot;}\" data-widget_type=\"button.default\">\n\t\t\t\t<div class=\"elementor-widget-container\">\n\t\t\t\t\t\t\t\t\t<div class=\"elementor-button-wrapper\">\n\t\t\t\t\t<a class=\"elementor-button elementor-button-link elementor-size-sm elementor-animation-grow\" href=\"http:\/\/kanther-syke.de\/?page_id=2080\">\n\t\t\t\t\t\t<span class=\"elementor-button-content-wrapper\">\n\t\t\t\t\t\t<span class=\"elementor-button-icon\">\n\t\t\t\t<i aria-hidden=\"true\" class=\"fas fa-chevron-right\"><\/i>\t\t\t<\/span>\n\t\t\t\t\t\t\t\t\t<span class=\"elementor-button-text\">Insektenschutz f\u00fcr Fenster<\/span>\n\t\t\t\t\t<\/span>\n\t\t\t\t\t<\/a>\n\t\t\t\t<\/div>\n\t\t\t\t\t\t\t\t<\/div>\n\t\t\t\t<\/div>\n\t\t\t\t<div class=\"elementor-element elementor-element-f994dc6 elementor-widget elementor-widget-e_image_hover_effects\" data-id=\"f994dc6\" data-element_type=\"widget\" data-e-type=\"widget\" data-settings=\"{&quot;_animation&quot;:&quot;none&quot;}\" data-widget_type=\"e_image_hover_effects.default\">\n\t\t\t\t<div class=\"elementor-widget-container\">\n\t\t\t\t\t\t\t\t<a href=\"http:\/\/kanther-syke.de\/?page_id=2080\">\n\t\t\t\t\t<div class=\"eihe-box eihe-fade-in-down eihe_center\">\n\t\t\t\t<img fetchpriority=\"high\" decoding=\"async\" width=\"768\" height=\"639\" src=\"https:\/\/kanther-syke.de\/wp-content\/uploads\/2019\/08\/csm_IMG_9287_f41971356c-1-768x639.jpg\" class=\"attachment-medium_large size-medium_large wp-image-2015\" alt=\"\" srcset=\"https:\/\/kanther-syke.de\/wp-content\/uploads\/2019\/08\/csm_IMG_9287_f41971356c-1-768x639.jpg 768w, https:\/\/kanther-syke.de\/wp-content\/uploads\/2019\/08\/csm_IMG_9287_f41971356c-1-300x250.jpg 300w, https:\/\/kanther-syke.de\/wp-content\/uploads\/2019\/08\/csm_IMG_9287_f41971356c-1-1024x852.jpg 1024w, https:\/\/kanther-syke.de\/wp-content\/uploads\/2019\/08\/csm_IMG_9287_f41971356c-1.jpg 1200w\" sizes=\"(max-width: 768px) 100vw, 768px\" \/>\t\t\t\t<div class=\"eihe-caption\">\n\t\t\t\t\t<div class=\"eihe-title-cover\">\n\t\t\t\t\t\t\t\t\t\t\t\t<h3 class=\"eihe-title\"><\/h3>\n\t\t\t\t\t\t\t\t\t\t\t<\/div>\n\t\t\t\t\t<p><p>Spannrahmen<\/p><p>Fensterdrehrahmen<\/p>\n<p>Rollosysteme<\/p><p>Plisseesysteme<\/p>\n<p>&nbsp;<\/p>\n\n<\/p>\n\t\t\t\t<\/div>\n\t\t\t<\/div>\n\t\t\t\t\t<\/a>\n\t\t\t\t\t\t<\/div>\n\t\t\t\t<\/div>\n\t\t\t\t\t<\/div>\n\t\t<\/div>\n\t\t\t\t<div class=\"elementor-column elementor-col-50 elementor-top-column elementor-element elementor-element-860d4cd\" data-id=\"860d4cd\" data-element_type=\"column\" data-e-type=\"column\">\n\t\t\t<div class=\"elementor-widget-wrap elementor-element-populated\">\n\t\t\t\t\t\t<div class=\"elementor-element elementor-element-c54017f elementor-button-info elementor-align-left elementor-invisible elementor-widget elementor-widget-button\" data-id=\"c54017f\" data-element_type=\"widget\" data-e-type=\"widget\" data-settings=\"{&quot;_animation&quot;:&quot;fadeIn&quot;}\" data-widget_type=\"button.default\">\n\t\t\t\t<div class=\"elementor-widget-container\">\n\t\t\t\t\t\t\t\t\t<div class=\"elementor-button-wrapper\">\n\t\t\t\t\t<a class=\"elementor-button elementor-button-link elementor-size-sm elementor-animation-grow\" href=\"http:\/\/kanther-syke.de\/?page_id=2087\">\n\t\t\t\t\t\t<span class=\"elementor-button-content-wrapper\">\n\t\t\t\t\t\t<span class=\"elementor-button-icon\">\n\t\t\t\t<i aria-hidden=\"true\" class=\"fas fa-chevron-right\"><\/i>\t\t\t<\/span>\n\t\t\t\t\t\t\t\t\t<span class=\"elementor-button-text\">Insektenschutz f\u00fcr T\u00fcren<\/span>\n\t\t\t\t\t<\/span>\n\t\t\t\t\t<\/a>\n\t\t\t\t<\/div>\n\t\t\t\t\t\t\t\t<\/div>\n\t\t\t\t<\/div>\n\t\t\t\t<div class=\"elementor-element elementor-element-aa59c7d elementor-widget elementor-widget-e_image_hover_effects\" data-id=\"aa59c7d\" data-element_type=\"widget\" data-e-type=\"widget\" data-settings=\"{&quot;_animation&quot;:&quot;none&quot;}\" data-widget_type=\"e_image_hover_effects.default\">\n\t\t\t\t<div class=\"elementor-widget-container\">\n\t\t\t\t\t\t\t\t<a href=\"http:\/\/kanther-syke.de\/?page_id=2087\">\n\t\t\t\t\t<div class=\"eihe-box eihe-fade-in-down eihe_center\">\n\t\t\t\t<img decoding=\"async\" width=\"1200\" height=\"900\" src=\"https:\/\/kanther-syke.de\/wp-content\/uploads\/2019\/08\/csm_IMG_9505_d944dbf7a0.jpg\" class=\"attachment-full size-full wp-image-2062\" alt=\"\" srcset=\"https:\/\/kanther-syke.de\/wp-content\/uploads\/2019\/08\/csm_IMG_9505_d944dbf7a0.jpg 1200w, https:\/\/kanther-syke.de\/wp-content\/uploads\/2019\/08\/csm_IMG_9505_d944dbf7a0-300x225.jpg 300w, https:\/\/kanther-syke.de\/wp-content\/uploads\/2019\/08\/csm_IMG_9505_d944dbf7a0-768x576.jpg 768w, https:\/\/kanther-syke.de\/wp-content\/uploads\/2019\/08\/csm_IMG_9505_d944dbf7a0-1024x768.jpg 1024w\" sizes=\"(max-width: 1200px) 100vw, 1200px\" \/>\t\t\t\t<div class=\"eihe-caption\">\n\t\t\t\t\t<div class=\"eihe-title-cover\">\n\t\t\t\t\t\t\t\t\t\t\t\t<h3 class=\"eihe-title\"><\/h3>\n\t\t\t\t\t\t\t\t\t\t\t<\/div>\n\t\t\t\t\t<p><p>Dreht\u00fcren<\/p>\n<p>Schiebet\u00fcren<\/p><p>Plisseesysteme<\/p>\n<p>&nbsp;<\/p>\n\n<\/p>\n\t\t\t\t<\/div>\n\t\t\t<\/div>\n\t\t\t\t\t<\/a>\n\t\t\t\t\t\t<\/div>\n\t\t\t\t<\/div>\n\t\t\t\t\t<\/div>\n\t\t<\/div>\n\t\t\t\t\t<\/div>\n\t\t<\/section>\n\t\t\t\t<section class=\"elementor-section elementor-top-section elementor-element elementor-element-554f8bd elementor-section-boxed elementor-section-height-default elementor-section-height-default\" data-id=\"554f8bd\" data-element_type=\"section\" data-e-type=\"section\">\n\t\t\t\t\t\t<div class=\"elementor-container elementor-column-gap-default\">\n\t\t\t\t\t<div class=\"elementor-column elementor-col-100 elementor-top-column elementor-element elementor-element-46e0191\" data-id=\"46e0191\" data-element_type=\"column\" data-e-type=\"column\">\n\t\t\t<div class=\"elementor-widget-wrap elementor-element-populated\">\n\t\t\t\t\t\t<div class=\"elementor-element elementor-element-849e54b elementor-widget elementor-widget-spacer\" data-id=\"849e54b\" data-element_type=\"widget\" data-e-type=\"widget\" data-widget_type=\"spacer.default\">\n\t\t\t\t<div class=\"elementor-widget-container\">\n\t\t\t\t\t\t\t<div class=\"elementor-spacer\">\n\t\t\t<div class=\"elementor-spacer-inner\"><\/div>\n\t\t<\/div>\n\t\t\t\t\t\t<\/div>\n\t\t\t\t<\/div>\n\t\t\t\t\t<\/div>\n\t\t<\/div>\n\t\t\t\t\t<\/div>\n\t\t<\/section>\n\t\t\t\t<\/div>\n\t\t","protected":false},"excerpt":{"rendered":"<p>Insektenschutz &#8211; f\u00fcr viele Fensterarten und T\u00fcren erh\u00e4ltlich \u00a0 Sobald die Temperaturen steigen und die Tage wieder l\u00e4nger werden, genie\u00dfen wir nicht nur gerne die freie Zeit an der frischen Luft. Auch Insekten treten dann vermehrt in Erscheinung. Egal ob Fliegen, M\u00fccken, kleine K\u00e4fer oder andere Krabbel- und Flugtiere &#8211; all diese wollen wir nicht&hellip;&nbsp;<a href=\"https:\/\/kanther-syke.de\/?page_id=661\" rel=\"bookmark\">Mehr lesen &raquo;<span class=\"screen-reader-text\">Insektenschutz<\/span><\/a><\/p>\n","protected":false},"author":1,"featured_media":0,"parent":367,"menu_order":0,"comment_status":"closed","ping_status":"closed","template":"","meta":{"neve_meta_sidebar":"","neve_meta_container":"","neve_meta_enable_content_width":"","neve_meta_content_width":70,"neve_meta_title_alignment":"","neve_meta_author_avatar":"","neve_post_elements_order":"","neve_meta_disable_header":"","neve_meta_disable_footer":"","neve_meta_disable_title":"on","neve_meta_reading_time":"","_themeisle_gutenberg_block_has_review":false,"footnotes":""},"class_list":["post-661","page","type-page","status-publish","hentry"],"_links":{"self":[{"href":"https:\/\/kanther-syke.de\/index.php?rest_route=\/wp\/v2\/pages\/661","targetHints":{"allow":["GET"]}}],"collection":[{"href":"https:\/\/kanther-syke.de\/index.php?rest_route=\/wp\/v2\/pages"}],"about":[{"href":"https:\/\/kanther-syke.de\/index.php?rest_route=\/wp\/v2\/types\/page"}],"author":[{"embeddable":true,"href":"https:\/\/kanther-syke.de\/index.php?rest_route=\/wp\/v2\/users\/1"}],"replies":[{"embeddable":true,"href":"https:\/\/kanther-syke.de\/index.php?rest_route=%2Fwp%2Fv2%2Fcomments&post=661"}],"version-history":[{"count":56,"href":"https:\/\/kanther-syke.de\/index.php?rest_route=\/wp\/v2\/pages\/661\/revisions"}],"predecessor-version":[{"id":2437,"href":"https:\/\/kanther-syke.de\/index.php?rest_route=\/wp\/v2\/pages\/661\/revisions\/2437"}],"up":[{"embeddable":true,"href":"https:\/\/kanther-syke.de\/index.php?rest_route=\/wp\/v2\/pages\/367"}],"wp:attachment":[{"href":"https:\/\/kanther-syke.de\/index.php?rest_route=%2Fwp%2Fv2%2Fmedia&parent=661"}],"curies":[{"name":"wp","href":"https:\/\/api.w.org\/{rel}","templated":true}]}}