{"id":436,"date":"2019-08-05T15:03:28","date_gmt":"2019-08-05T15:03:28","guid":{"rendered":"http:\/\/wp.kanther-syke.de\/?page_id=436"},"modified":"2025-09-26T10:29:57","modified_gmt":"2025-09-26T08:29:57","slug":"fenster-und-tueren","status":"publish","type":"page","link":"https:\/\/kanther-syke.de\/?page_id=436","title":{"rendered":"Fenster"},"content":{"rendered":"\t\t<div data-elementor-type=\"wp-post\" data-elementor-id=\"436\" class=\"elementor elementor-436\">\n\t\t\t\t\t\t<section class=\"elementor-section elementor-top-section elementor-element elementor-element-54d908b elementor-section-boxed elementor-section-height-default elementor-section-height-default\" data-id=\"54d908b\" data-element_type=\"section\" data-e-type=\"section\">\n\t\t\t\t\t\t<div class=\"elementor-container elementor-column-gap-default\">\n\t\t\t\t\t<div class=\"elementor-column elementor-col-100 elementor-top-column elementor-element elementor-element-d2e7ac3\" data-id=\"d2e7ac3\" data-element_type=\"column\" data-e-type=\"column\">\n\t\t\t<div class=\"elementor-widget-wrap elementor-element-populated\">\n\t\t\t\t\t\t<div class=\"elementor-element elementor-element-9e9f7f9 elementor-widget elementor-widget-text-editor\" data-id=\"9e9f7f9\" data-element_type=\"widget\" data-e-type=\"widget\" data-widget_type=\"text-editor.default\">\n\t\t\t\t<div class=\"elementor-widget-container\">\n\t\t\t\t\t\t\t\t\t<h2>Fenster &#8211; Sch\u00f6ne Aussichten<\/h2><hr \/>\t\t\t\t\t\t\t\t<\/div>\n\t\t\t\t<\/div>\n\t\t\t\t\t<\/div>\n\t\t<\/div>\n\t\t\t\t\t<\/div>\n\t\t<\/section>\n\t\t\t\t<section class=\"elementor-section elementor-top-section elementor-element elementor-element-9e00799 elementor-section-boxed elementor-section-height-default elementor-section-height-default\" data-id=\"9e00799\" data-element_type=\"section\" data-e-type=\"section\">\n\t\t\t\t\t\t<div class=\"elementor-container elementor-column-gap-default\">\n\t\t\t\t\t<div class=\"elementor-column elementor-col-50 elementor-top-column elementor-element elementor-element-42c81a4\" data-id=\"42c81a4\" data-element_type=\"column\" data-e-type=\"column\">\n\t\t\t<div class=\"elementor-widget-wrap elementor-element-populated\">\n\t\t\t\t\t\t<div class=\"elementor-element elementor-element-62fc2a7 elementor-view-default elementor-widget elementor-widget-icon\" data-id=\"62fc2a7\" data-element_type=\"widget\" data-e-type=\"widget\" data-widget_type=\"icon.default\">\n\t\t\t\t<div class=\"elementor-widget-container\">\n\t\t\t\t\t\t\t<div class=\"elementor-icon-wrapper\">\n\t\t\t<div class=\"elementor-icon\">\n\t\t\t<i aria-hidden=\"true\" class=\"fas fa-handshake\"><\/i>\t\t\t<\/div>\n\t\t<\/div>\n\t\t\t\t\t\t<\/div>\n\t\t\t\t<\/div>\n\t\t\t\t\t<\/div>\n\t\t<\/div>\n\t\t\t\t<div class=\"elementor-column elementor-col-50 elementor-top-column elementor-element elementor-element-38011f5\" data-id=\"38011f5\" data-element_type=\"column\" data-e-type=\"column\">\n\t\t\t<div class=\"elementor-widget-wrap elementor-element-populated\">\n\t\t\t\t\t\t<div class=\"elementor-element elementor-element-1572ff9 elementor-widget elementor-widget-text-editor\" data-id=\"1572ff9\" data-element_type=\"widget\" data-e-type=\"widget\" data-widget_type=\"text-editor.default\">\n\t\t\t\t<div class=\"elementor-widget-container\">\n\t\t\t\t\t\t\t\t\t<h2>Besuchen Sie unsere Ausstellung in der <strong>Borgwardstra\u00dfe 2<\/strong> und \u00fcberzeugen Sie sich selbst!<\/h2>\t\t\t\t\t\t\t\t<\/div>\n\t\t\t\t<\/div>\n\t\t\t\t\t<\/div>\n\t\t<\/div>\n\t\t\t\t\t<\/div>\n\t\t<\/section>\n\t\t\t\t<section class=\"elementor-section elementor-top-section elementor-element elementor-element-8009572 elementor-section-boxed elementor-section-height-default elementor-section-height-default\" data-id=\"8009572\" data-element_type=\"section\" data-e-type=\"section\">\n\t\t\t\t\t\t<div class=\"elementor-container elementor-column-gap-default\">\n\t\t\t\t\t<div class=\"elementor-column elementor-col-100 elementor-top-column elementor-element elementor-element-b2f12ac\" data-id=\"b2f12ac\" data-element_type=\"column\" data-e-type=\"column\">\n\t\t\t<div class=\"elementor-widget-wrap elementor-element-populated\">\n\t\t\t\t\t\t<div class=\"elementor-element elementor-element-6a219b3 elementor-widget elementor-widget-spacer\" data-id=\"6a219b3\" data-element_type=\"widget\" data-e-type=\"widget\" data-widget_type=\"spacer.default\">\n\t\t\t\t<div class=\"elementor-widget-container\">\n\t\t\t\t\t\t\t<div class=\"elementor-spacer\">\n\t\t\t<div class=\"elementor-spacer-inner\"><\/div>\n\t\t<\/div>\n\t\t\t\t\t\t<\/div>\n\t\t\t\t<\/div>\n\t\t\t\t\t<\/div>\n\t\t<\/div>\n\t\t\t\t\t<\/div>\n\t\t<\/section>\n\t\t\t\t<section class=\"elementor-section elementor-top-section elementor-element elementor-element-b73e6b1 elementor-section-boxed elementor-section-height-default elementor-section-height-default\" data-id=\"b73e6b1\" data-element_type=\"section\" data-e-type=\"section\">\n\t\t\t\t\t\t<div class=\"elementor-container elementor-column-gap-default\">\n\t\t\t\t\t<div class=\"elementor-column elementor-col-33 elementor-top-column elementor-element elementor-element-a80810e\" data-id=\"a80810e\" data-element_type=\"column\" data-e-type=\"column\">\n\t\t\t<div class=\"elementor-widget-wrap elementor-element-populated\">\n\t\t\t\t\t\t<div class=\"elementor-element elementor-element-581f26b elementor-widget elementor-widget-image\" data-id=\"581f26b\" data-element_type=\"widget\" data-e-type=\"widget\" data-widget_type=\"image.default\">\n\t\t\t\t<div class=\"elementor-widget-container\">\n\t\t\t\t\t\t\t\t\t\t\t\t\t\t\t<img fetchpriority=\"high\" decoding=\"async\" width=\"721\" height=\"1024\" src=\"https:\/\/kanther-syke.de\/wp-content\/uploads\/2019\/08\/WIRUS_100_web-721x1024.jpg\" class=\"attachment-large size-large wp-image-1322\" alt=\"\" srcset=\"https:\/\/kanther-syke.de\/wp-content\/uploads\/2019\/08\/WIRUS_100_web-721x1024.jpg 721w, https:\/\/kanther-syke.de\/wp-content\/uploads\/2019\/08\/WIRUS_100_web-211x300.jpg 211w, https:\/\/kanther-syke.de\/wp-content\/uploads\/2019\/08\/WIRUS_100_web-768x1090.jpg 768w\" sizes=\"(max-width: 721px) 100vw, 721px\" \/>\t\t\t\t\t\t\t\t\t\t\t\t\t\t\t<\/div>\n\t\t\t\t<\/div>\n\t\t\t\t\t<\/div>\n\t\t<\/div>\n\t\t\t\t<div class=\"elementor-column elementor-col-33 elementor-top-column elementor-element elementor-element-4b13fce\" data-id=\"4b13fce\" data-element_type=\"column\" data-e-type=\"column\">\n\t\t\t<div class=\"elementor-widget-wrap elementor-element-populated\">\n\t\t\t\t\t\t<div class=\"elementor-element elementor-element-1ae31f7 elementor-widget elementor-widget-image\" data-id=\"1ae31f7\" data-element_type=\"widget\" data-e-type=\"widget\" data-widget_type=\"image.default\">\n\t\t\t\t<div class=\"elementor-widget-container\">\n\t\t\t\t\t\t\t\t\t\t\t\t\t\t\t<img decoding=\"async\" width=\"715\" height=\"1024\" src=\"https:\/\/kanther-syke.de\/wp-content\/uploads\/2019\/08\/WIRUS_425_web333-715x1024.jpg\" class=\"attachment-large size-large wp-image-1344\" alt=\"\" srcset=\"https:\/\/kanther-syke.de\/wp-content\/uploads\/2019\/08\/WIRUS_425_web333-715x1024.jpg 715w, https:\/\/kanther-syke.de\/wp-content\/uploads\/2019\/08\/WIRUS_425_web333-209x300.jpg 209w, https:\/\/kanther-syke.de\/wp-content\/uploads\/2019\/08\/WIRUS_425_web333-768x1100.jpg 768w\" sizes=\"(max-width: 715px) 100vw, 715px\" \/>\t\t\t\t\t\t\t\t\t\t\t\t\t\t\t<\/div>\n\t\t\t\t<\/div>\n\t\t\t\t\t<\/div>\n\t\t<\/div>\n\t\t\t\t<div class=\"elementor-column elementor-col-33 elementor-top-column elementor-element elementor-element-568519f\" data-id=\"568519f\" data-element_type=\"column\" data-e-type=\"column\">\n\t\t\t<div class=\"elementor-widget-wrap elementor-element-populated\">\n\t\t\t\t\t\t<div class=\"elementor-element elementor-element-ba577b1 elementor-widget elementor-widget-image\" data-id=\"ba577b1\" data-element_type=\"widget\" data-e-type=\"widget\" data-widget_type=\"image.default\">\n\t\t\t\t<div class=\"elementor-widget-container\">\n\t\t\t\t\t\t\t\t\t\t\t\t\t\t\t<img decoding=\"async\" width=\"725\" height=\"1024\" src=\"https:\/\/kanther-syke.de\/wp-content\/uploads\/2019\/08\/WIRUS_060_web333-725x1024.jpg\" class=\"attachment-large size-large wp-image-1332\" alt=\"\" srcset=\"https:\/\/kanther-syke.de\/wp-content\/uploads\/2019\/08\/WIRUS_060_web333-725x1024.jpg 725w, https:\/\/kanther-syke.de\/wp-content\/uploads\/2019\/08\/WIRUS_060_web333-212x300.jpg 212w, https:\/\/kanther-syke.de\/wp-content\/uploads\/2019\/08\/WIRUS_060_web333-768x1085.jpg 768w\" sizes=\"(max-width: 725px) 100vw, 725px\" \/>\t\t\t\t\t\t\t\t\t\t\t\t\t\t\t<\/div>\n\t\t\t\t<\/div>\n\t\t\t\t\t<\/div>\n\t\t<\/div>\n\t\t\t\t\t<\/div>\n\t\t<\/section>\n\t\t\t\t<section class=\"elementor-section elementor-top-section elementor-element elementor-element-993d43c elementor-section-boxed elementor-section-height-default elementor-section-height-default\" data-id=\"993d43c\" data-element_type=\"section\" data-e-type=\"section\">\n\t\t\t\t\t\t<div class=\"elementor-container elementor-column-gap-default\">\n\t\t\t\t\t<div class=\"elementor-column elementor-col-100 elementor-top-column elementor-element elementor-element-209bfb9\" data-id=\"209bfb9\" data-element_type=\"column\" data-e-type=\"column\">\n\t\t\t<div class=\"elementor-widget-wrap elementor-element-populated\">\n\t\t\t\t\t\t<div class=\"elementor-element elementor-element-e5ac3e2 elementor-widget elementor-widget-spacer\" data-id=\"e5ac3e2\" data-element_type=\"widget\" data-e-type=\"widget\" data-widget_type=\"spacer.default\">\n\t\t\t\t<div class=\"elementor-widget-container\">\n\t\t\t\t\t\t\t<div class=\"elementor-spacer\">\n\t\t\t<div class=\"elementor-spacer-inner\"><\/div>\n\t\t<\/div>\n\t\t\t\t\t\t<\/div>\n\t\t\t\t<\/div>\n\t\t\t\t\t<\/div>\n\t\t<\/div>\n\t\t\t\t\t<\/div>\n\t\t<\/section>\n\t\t\t\t<section class=\"elementor-section elementor-top-section elementor-element elementor-element-5dde30f elementor-section-boxed elementor-section-height-default elementor-section-height-default\" data-id=\"5dde30f\" data-element_type=\"section\" data-e-type=\"section\">\n\t\t\t\t\t\t<div class=\"elementor-container elementor-column-gap-default\">\n\t\t\t\t\t<div class=\"elementor-column elementor-col-100 elementor-top-column elementor-element elementor-element-8a6d4f3\" data-id=\"8a6d4f3\" data-element_type=\"column\" data-e-type=\"column\">\n\t\t\t<div class=\"elementor-widget-wrap elementor-element-populated\">\n\t\t\t\t\t\t<div class=\"elementor-element elementor-element-7436408 elementor-widget elementor-widget-accordion\" data-id=\"7436408\" data-element_type=\"widget\" data-e-type=\"widget\" data-settings=\"{&quot;_animation&quot;:&quot;none&quot;}\" data-widget_type=\"accordion.default\">\n\t\t\t\t<div class=\"elementor-widget-container\">\n\t\t\t\t\t\t\t<div class=\"elementor-accordion\">\n\t\t\t\t\t\t\t<div class=\"elementor-accordion-item\">\n\t\t\t\t\t<h3 id=\"elementor-tab-title-1211\" class=\"elementor-tab-title\" data-tab=\"1\" role=\"button\" aria-controls=\"elementor-tab-content-1211\" aria-expanded=\"false\">\n\t\t\t\t\t\t\t\t\t\t\t\t\t<span class=\"elementor-accordion-icon elementor-accordion-icon-left\" aria-hidden=\"true\">\n\t\t\t\t\t\t\t\t\t\t\t\t\t\t\t<span class=\"elementor-accordion-icon-closed\"><i class=\"fas fa-chevron-circle-down\"><\/i><\/span>\n\t\t\t\t\t\t\t\t<span class=\"elementor-accordion-icon-opened\"><i class=\"fas fa-chevron-up\"><\/i><\/span>\n\t\t\t\t\t\t\t\t\t\t\t\t\t\t<\/span>\n\t\t\t\t\t\t\t\t\t\t\t\t<a class=\"elementor-accordion-title\" tabindex=\"0\">Fenster aus Kunststoff<\/a>\n\t\t\t\t\t<\/h3>\n\t\t\t\t\t<div id=\"elementor-tab-content-1211\" class=\"elementor-tab-content elementor-clearfix\" data-tab=\"1\" role=\"region\" aria-labelledby=\"elementor-tab-title-1211\"><p><img loading=\"lazy\" decoding=\"async\" class=\"wp-image-2276 alignleft\" src=\"http:\/\/wp.kanther-syke.de\/wp-content\/uploads\/2019\/08\/kunststoff01-1-300x178.jpg\" alt=\"\" width=\"264\" height=\"156\" srcset=\"https:\/\/kanther-syke.de\/wp-content\/uploads\/2019\/08\/kunststoff01-1-300x178.jpg 300w, https:\/\/kanther-syke.de\/wp-content\/uploads\/2019\/08\/kunststoff01-1.jpg 760w\" sizes=\"(max-width: 264px) 100vw, 264px\" \/>Die hohe Grundausstattung von Kunststoff-Fenstern ist mit speziellen Verglasungen, unterschiedlichen Sicherheits- und Energieeffizienz-Stufen und nat\u00fcrlich mit individuell ausgew\u00e4hlten Farben, Dekoren, Sprossen, Griffen und Beschl\u00e4gen erweiterbar.<\/p><\/div>\n\t\t\t\t<\/div>\n\t\t\t\t\t\t\t<div class=\"elementor-accordion-item\">\n\t\t\t\t\t<h3 id=\"elementor-tab-title-1212\" class=\"elementor-tab-title\" data-tab=\"2\" role=\"button\" aria-controls=\"elementor-tab-content-1212\" aria-expanded=\"false\">\n\t\t\t\t\t\t\t\t\t\t\t\t\t<span class=\"elementor-accordion-icon elementor-accordion-icon-left\" aria-hidden=\"true\">\n\t\t\t\t\t\t\t\t\t\t\t\t\t\t\t<span class=\"elementor-accordion-icon-closed\"><i class=\"fas fa-chevron-circle-down\"><\/i><\/span>\n\t\t\t\t\t\t\t\t<span class=\"elementor-accordion-icon-opened\"><i class=\"fas fa-chevron-up\"><\/i><\/span>\n\t\t\t\t\t\t\t\t\t\t\t\t\t\t<\/span>\n\t\t\t\t\t\t\t\t\t\t\t\t<a class=\"elementor-accordion-title\" tabindex=\"0\">Die Kombination aus Kunststoff und Aluminium<\/a>\n\t\t\t\t\t<\/h3>\n\t\t\t\t\t<div id=\"elementor-tab-content-1212\" class=\"elementor-tab-content elementor-clearfix\" data-tab=\"2\" role=\"region\" aria-labelledby=\"elementor-tab-title-1212\"><p><img loading=\"lazy\" decoding=\"async\" class=\"wp-image-2283 alignleft\" src=\"http:\/\/wp.kanther-syke.de\/wp-content\/uploads\/2019\/08\/Foto_Schnitt_Kunststoff-101-1-241x300.jpg\" alt=\"\" width=\"127\" height=\"158\" srcset=\"https:\/\/kanther-syke.de\/wp-content\/uploads\/2019\/08\/Foto_Schnitt_Kunststoff-101-1-241x300.jpg 241w, https:\/\/kanther-syke.de\/wp-content\/uploads\/2019\/08\/Foto_Schnitt_Kunststoff-101-1.jpg 760w\" sizes=\"(max-width: 127px) 100vw, 127px\" \/><\/p><p>Die Kunststoff-Profilsysteme zeichnen sich durch optimale W\u00e4rme- und Schalld\u00e4mmung aus. Die D\u00e4mmwerte bleiben bei aufgesetzten Aluminiumschalen unver\u00e4ndert gut. Die Fenster sind pflegeleicht, formstabil, funktionssicher und \u00e4u\u00dferst langlebig.<br \/>Mit AluColor Vorsatzschalen auf der Fensterau\u00dfenseite lassen sich individuelle L\u00f6sungen auch bei anspruchsvollen Gestaltungsw\u00fcnschen realisieren.<\/p><\/div>\n\t\t\t\t<\/div>\n\t\t\t\t\t\t\t<div class=\"elementor-accordion-item\">\n\t\t\t\t\t<h3 id=\"elementor-tab-title-1213\" class=\"elementor-tab-title\" data-tab=\"3\" role=\"button\" aria-controls=\"elementor-tab-content-1213\" aria-expanded=\"false\">\n\t\t\t\t\t\t\t\t\t\t\t\t\t<span class=\"elementor-accordion-icon elementor-accordion-icon-left\" aria-hidden=\"true\">\n\t\t\t\t\t\t\t\t\t\t\t\t\t\t\t<span class=\"elementor-accordion-icon-closed\"><i class=\"fas fa-chevron-circle-down\"><\/i><\/span>\n\t\t\t\t\t\t\t\t<span class=\"elementor-accordion-icon-opened\"><i class=\"fas fa-chevron-up\"><\/i><\/span>\n\t\t\t\t\t\t\t\t\t\t\t\t\t\t<\/span>\n\t\t\t\t\t\t\t\t\t\t\t\t<a class=\"elementor-accordion-title\" tabindex=\"0\">Fenster aus Aluminium<\/a>\n\t\t\t\t\t<\/h3>\n\t\t\t\t\t<div id=\"elementor-tab-content-1213\" class=\"elementor-tab-content elementor-clearfix\" data-tab=\"3\" role=\"region\" aria-labelledby=\"elementor-tab-title-1213\"><p><img loading=\"lazy\" decoding=\"async\" class=\"size-medium wp-image-2282 alignleft\" src=\"http:\/\/wp.kanther-syke.de\/wp-content\/uploads\/2019\/08\/aluminium-1-300x178.jpg\" alt=\"\" width=\"300\" height=\"178\" srcset=\"https:\/\/kanther-syke.de\/wp-content\/uploads\/2019\/08\/aluminium-1-300x178.jpg 300w, https:\/\/kanther-syke.de\/wp-content\/uploads\/2019\/08\/aluminium-1.jpg 760w\" sizes=\"(max-width: 300px) 100vw, 300px\" \/>Fenster aus Aluminium mit thermischer Trennung mittels isolierender Kunststoffstege scheuen keinen Vergleich mit ihren \u201eKollegen\u201c aus Kunststoff.<\/p><p>Sie bieten optimalen W\u00e4rmeschutz, Einbruchschutz und Schallschutz.<br \/>Die ansprechende Optik des fl\u00e4chenb\u00fcndigen Profils ist in vielen Farben und Oberfl\u00e4chen realisierbar<\/p><\/div>\n\t\t\t\t<\/div>\n\t\t\t\t\t\t\t<div class=\"elementor-accordion-item\">\n\t\t\t\t\t<h3 id=\"elementor-tab-title-1214\" class=\"elementor-tab-title\" data-tab=\"4\" role=\"button\" aria-controls=\"elementor-tab-content-1214\" aria-expanded=\"false\">\n\t\t\t\t\t\t\t\t\t\t\t\t\t<span class=\"elementor-accordion-icon elementor-accordion-icon-left\" aria-hidden=\"true\">\n\t\t\t\t\t\t\t\t\t\t\t\t\t\t\t<span class=\"elementor-accordion-icon-closed\"><i class=\"fas fa-chevron-circle-down\"><\/i><\/span>\n\t\t\t\t\t\t\t\t<span class=\"elementor-accordion-icon-opened\"><i class=\"fas fa-chevron-up\"><\/i><\/span>\n\t\t\t\t\t\t\t\t\t\t\t\t\t\t<\/span>\n\t\t\t\t\t\t\t\t\t\t\t\t<a class=\"elementor-accordion-title\" tabindex=\"0\">Holzfenster<\/a>\n\t\t\t\t\t<\/h3>\n\t\t\t\t\t<div id=\"elementor-tab-content-1214\" class=\"elementor-tab-content elementor-clearfix\" data-tab=\"4\" role=\"region\" aria-labelledby=\"elementor-tab-title-1214\"><p><img loading=\"lazy\" decoding=\"async\" class=\" wp-image-2274 alignleft\" src=\"http:\/\/wp.kanther-syke.de\/wp-content\/uploads\/2019\/08\/hdf-ecke-200-rtez-300x240.jpg\" alt=\"\" width=\"178\" height=\"142\" srcset=\"https:\/\/kanther-syke.de\/wp-content\/uploads\/2019\/08\/hdf-ecke-200-rtez-300x240.jpg 300w, https:\/\/kanther-syke.de\/wp-content\/uploads\/2019\/08\/hdf-ecke-200-rtez.jpg 500w\" sizes=\"(max-width: 178px) 100vw, 178px\" \/><\/p><p>Das Holzfenster besticht durch seine Sch\u00f6nheit und Vielseitigkeit und sorgt f\u00fcr eine gem\u00fctliche Wohnatmosph\u00e4re. Neben warmen Naturfarbt\u00f6nen bieten es Ihnen auch eine Vielzahl an deckenden Farbt\u00f6nen in den verschiedenen Holzarten. Dabei sorgt der mehrfache Farbaufbau f\u00fcr eine lange Lebensdauer Ihres Fensters. Profitieren Sie durch die unterschiedlichsten Gestaltungsm\u00f6glichkeiten, ob modern, klassisch oder auch traditionell f\u00fcr den Denkmalschutzbereich.<\/p><\/div>\n\t\t\t\t<\/div>\n\t\t\t\t\t\t\t<div class=\"elementor-accordion-item\">\n\t\t\t\t\t<h3 id=\"elementor-tab-title-1215\" class=\"elementor-tab-title\" data-tab=\"5\" role=\"button\" aria-controls=\"elementor-tab-content-1215\" aria-expanded=\"false\">\n\t\t\t\t\t\t\t\t\t\t\t\t\t<span class=\"elementor-accordion-icon elementor-accordion-icon-left\" aria-hidden=\"true\">\n\t\t\t\t\t\t\t\t\t\t\t\t\t\t\t<span class=\"elementor-accordion-icon-closed\"><i class=\"fas fa-chevron-circle-down\"><\/i><\/span>\n\t\t\t\t\t\t\t\t<span class=\"elementor-accordion-icon-opened\"><i class=\"fas fa-chevron-up\"><\/i><\/span>\n\t\t\t\t\t\t\t\t\t\t\t\t\t\t<\/span>\n\t\t\t\t\t\t\t\t\t\t\t\t<a class=\"elementor-accordion-title\" tabindex=\"0\">Aluminium-Holz-Fenster<\/a>\n\t\t\t\t\t<\/h3>\n\t\t\t\t\t<div id=\"elementor-tab-content-1215\" class=\"elementor-tab-content elementor-clearfix\" data-tab=\"5\" role=\"region\" aria-labelledby=\"elementor-tab-title-1215\"><p><img loading=\"lazy\" decoding=\"async\" class=\" wp-image-2286 alignleft\" src=\"http:\/\/wp.kanther-syke.de\/wp-content\/uploads\/2019\/08\/hf-ecke-200-2-300x240.jpg\" alt=\"\" width=\"150\" height=\"120\" srcset=\"https:\/\/kanther-syke.de\/wp-content\/uploads\/2019\/08\/hf-ecke-200-2-300x240.jpg 300w, https:\/\/kanther-syke.de\/wp-content\/uploads\/2019\/08\/hf-ecke-200-2.jpg 500w\" sizes=\"(max-width: 150px) 100vw, 150px\" \/>Das Aluminium-Holz-Fenster \u00fcberzeugt durch ausgekl\u00fcgelte technische Details und eine sorgf\u00e4ltige Herstellung. Au\u00dfen sorgt eine robuste, pulverbeschichtete Aluminium-Schale f\u00fcr eine elegante Ansicht und sch\u00fctzt zuverl\u00e4ssig vor Wind und Wetter. Im Raum genie\u00dfen Sie die wundersch\u00f6ne, seidenglatte, streichelzarte Holzoberfl\u00e4che.<\/p><\/div>\n\t\t\t\t<\/div>\n\t\t\t\t\t\t\t\t<\/div>\n\t\t\t\t\t\t<\/div>\n\t\t\t\t<\/div>\n\t\t\t\t\t<\/div>\n\t\t<\/div>\n\t\t\t\t\t<\/div>\n\t\t<\/section>\n\t\t\t\t<section class=\"elementor-section elementor-top-section elementor-element elementor-element-9e9b19e elementor-section-boxed elementor-section-height-default elementor-section-height-default\" data-id=\"9e9b19e\" data-element_type=\"section\" data-e-type=\"section\">\n\t\t\t\t\t\t<div class=\"elementor-container elementor-column-gap-default\">\n\t\t\t\t\t<div class=\"elementor-column elementor-col-100 elementor-top-column elementor-element elementor-element-619c46a\" data-id=\"619c46a\" data-element_type=\"column\" data-e-type=\"column\">\n\t\t\t<div class=\"elementor-widget-wrap elementor-element-populated\">\n\t\t\t\t\t\t<div class=\"elementor-element elementor-element-8b7aa30 elementor-widget elementor-widget-spacer\" data-id=\"8b7aa30\" data-element_type=\"widget\" data-e-type=\"widget\" data-widget_type=\"spacer.default\">\n\t\t\t\t<div class=\"elementor-widget-container\">\n\t\t\t\t\t\t\t<div class=\"elementor-spacer\">\n\t\t\t<div class=\"elementor-spacer-inner\"><\/div>\n\t\t<\/div>\n\t\t\t\t\t\t<\/div>\n\t\t\t\t<\/div>\n\t\t\t\t\t<\/div>\n\t\t<\/div>\n\t\t\t\t\t<\/div>\n\t\t<\/section>\n\t\t\t\t<section class=\"elementor-section elementor-top-section elementor-element elementor-element-e1017a6 elementor-section-boxed elementor-section-height-default elementor-section-height-default\" data-id=\"e1017a6\" data-element_type=\"section\" data-e-type=\"section\">\n\t\t\t\t\t\t<div class=\"elementor-container elementor-column-gap-default\">\n\t\t\t\t\t<div class=\"elementor-column elementor-col-50 elementor-top-column elementor-element elementor-element-85b6a04\" data-id=\"85b6a04\" data-element_type=\"column\" data-e-type=\"column\">\n\t\t\t<div class=\"elementor-widget-wrap elementor-element-populated\">\n\t\t\t\t\t\t<div class=\"elementor-element elementor-element-6864255 elementor-widget elementor-widget-image\" data-id=\"6864255\" data-element_type=\"widget\" data-e-type=\"widget\" data-widget_type=\"image.default\">\n\t\t\t\t<div class=\"elementor-widget-container\">\n\t\t\t\t\t\t\t\t\t\t\t\t\t\t\t<img loading=\"lazy\" decoding=\"async\" width=\"140\" height=\"72\" src=\"https:\/\/kanther-syke.de\/wp-content\/uploads\/2019\/08\/wirus-logo.png\" class=\"attachment-large size-large wp-image-809\" alt=\"\" \/>\t\t\t\t\t\t\t\t\t\t\t\t\t\t\t<\/div>\n\t\t\t\t<\/div>\n\t\t\t\t\t<\/div>\n\t\t<\/div>\n\t\t\t\t<div class=\"elementor-column elementor-col-50 elementor-top-column elementor-element elementor-element-0182f6c\" data-id=\"0182f6c\" data-element_type=\"column\" data-e-type=\"column\">\n\t\t\t<div class=\"elementor-widget-wrap elementor-element-populated\">\n\t\t\t\t\t\t<div class=\"elementor-element elementor-element-ebec4df elementor-widget elementor-widget-text-editor\" data-id=\"ebec4df\" data-element_type=\"widget\" data-e-type=\"widget\" data-widget_type=\"text-editor.default\">\n\t\t\t\t<div class=\"elementor-widget-container\">\n\t\t\t\t\t\t\t\t\t<div class=\"col-md-12 top-40 bot-40\"><p>WIRUS-Fenster erf\u00fcllen bereits in der Grundausstattung h\u00f6chste Anspr\u00fcche und bieten dar\u00fcber hinaus viele Mehrwerte f\u00fcr das Plus an Funktion und Design. WIRUS-Fenster sind mit speziellen Verglasungen, in unterschiedlichen Sicherheits-, W\u00e4rmeschutz- und\u00a0 Schallschutz-Stufen sowie mit individuell ausgew\u00e4hlten Farben, Dekoren, Sprossen, Griffen, Beschl\u00e4gen, Rollladen und Raffstoren lieferbar.<\/p><\/div>\t\t\t\t\t\t\t\t<\/div>\n\t\t\t\t<\/div>\n\t\t\t\t\t<\/div>\n\t\t<\/div>\n\t\t\t\t\t<\/div>\n\t\t<\/section>\n\t\t\t\t<section class=\"elementor-section elementor-top-section elementor-element elementor-element-8ffa9e3 elementor-section-boxed elementor-section-height-default elementor-section-height-default\" data-id=\"8ffa9e3\" data-element_type=\"section\" data-e-type=\"section\">\n\t\t\t\t\t\t<div class=\"elementor-container elementor-column-gap-default\">\n\t\t\t\t\t<div class=\"elementor-column elementor-col-100 elementor-top-column elementor-element elementor-element-3bdb07b\" data-id=\"3bdb07b\" data-element_type=\"column\" data-e-type=\"column\">\n\t\t\t<div class=\"elementor-widget-wrap elementor-element-populated\">\n\t\t\t\t\t\t<div class=\"elementor-element elementor-element-3256914 elementor-widget elementor-widget-spacer\" data-id=\"3256914\" data-element_type=\"widget\" data-e-type=\"widget\" data-widget_type=\"spacer.default\">\n\t\t\t\t<div class=\"elementor-widget-container\">\n\t\t\t\t\t\t\t<div class=\"elementor-spacer\">\n\t\t\t<div class=\"elementor-spacer-inner\"><\/div>\n\t\t<\/div>\n\t\t\t\t\t\t<\/div>\n\t\t\t\t<\/div>\n\t\t\t\t\t<\/div>\n\t\t<\/div>\n\t\t\t\t\t<\/div>\n\t\t<\/section>\n\t\t\t\t<\/div>\n\t\t","protected":false},"excerpt":{"rendered":"<p>Fenster &#8211; Sch\u00f6ne Aussichten Besuchen Sie unsere Ausstellung in der Borgwardstra\u00dfe 2 und \u00fcberzeugen Sie sich selbst! Fenster aus Kunststoff Die hohe Grundausstattung von Kunststoff-Fenstern ist mit speziellen Verglasungen, unterschiedlichen Sicherheits- und Energieeffizienz-Stufen und nat\u00fcrlich mit individuell ausgew\u00e4hlten Farben, Dekoren, Sprossen, Griffen und Beschl\u00e4gen erweiterbar. Die Kombination aus Kunststoff und Aluminium Die Kunststoff-Profilsysteme zeichnen sich&hellip;&nbsp;<a href=\"https:\/\/kanther-syke.de\/?page_id=436\" rel=\"bookmark\">Mehr lesen &raquo;<span class=\"screen-reader-text\">Fenster<\/span><\/a><\/p>\n","protected":false},"author":1,"featured_media":0,"parent":367,"menu_order":0,"comment_status":"closed","ping_status":"closed","template":"","meta":{"neve_meta_sidebar":"","neve_meta_container":"","neve_meta_enable_content_width":"","neve_meta_content_width":70,"neve_meta_title_alignment":"","neve_meta_author_avatar":"","neve_post_elements_order":"","neve_meta_disable_header":"","neve_meta_disable_footer":"","neve_meta_disable_title":"on","neve_meta_reading_time":"","_themeisle_gutenberg_block_has_review":false,"footnotes":""},"class_list":["post-436","page","type-page","status-publish","hentry"],"_links":{"self":[{"href":"https:\/\/kanther-syke.de\/index.php?rest_route=\/wp\/v2\/pages\/436","targetHints":{"allow":["GET"]}}],"collection":[{"href":"https:\/\/kanther-syke.de\/index.php?rest_route=\/wp\/v2\/pages"}],"about":[{"href":"https:\/\/kanther-syke.de\/index.php?rest_route=\/wp\/v2\/types\/page"}],"author":[{"embeddable":true,"href":"https:\/\/kanther-syke.de\/index.php?rest_route=\/wp\/v2\/users\/1"}],"replies":[{"embeddable":true,"href":"https:\/\/kanther-syke.de\/index.php?rest_route=%2Fwp%2Fv2%2Fcomments&post=436"}],"version-history":[{"count":71,"href":"https:\/\/kanther-syke.de\/index.php?rest_route=\/wp\/v2\/pages\/436\/revisions"}],"predecessor-version":[{"id":3548,"href":"https:\/\/kanther-syke.de\/index.php?rest_route=\/wp\/v2\/pages\/436\/revisions\/3548"}],"up":[{"embeddable":true,"href":"https:\/\/kanther-syke.de\/index.php?rest_route=\/wp\/v2\/pages\/367"}],"wp:attachment":[{"href":"https:\/\/kanther-syke.de\/index.php?rest_route=%2Fwp%2Fv2%2Fmedia&parent=436"}],"curies":[{"name":"wp","href":"https:\/\/api.w.org\/{rel}","templated":true}]}}