{"id":396,"date":"2019-08-05T13:15:33","date_gmt":"2019-08-05T13:15:33","guid":{"rendered":"http:\/\/wp.kanther-syke.de\/?page_id=396"},"modified":"2022-02-22T11:00:55","modified_gmt":"2022-02-22T10:00:55","slug":"service","status":"publish","type":"page","link":"https:\/\/kanther-syke.de\/?page_id=396","title":{"rendered":"Service und Beratung"},"content":{"rendered":"\t\t<div data-elementor-type=\"wp-post\" data-elementor-id=\"396\" class=\"elementor elementor-396\">\n\t\t\t\t\t\t<section class=\"elementor-section elementor-top-section elementor-element elementor-element-2a7c1a9 elementor-section-boxed elementor-section-height-default elementor-section-height-default\" data-id=\"2a7c1a9\" data-element_type=\"section\" data-e-type=\"section\">\n\t\t\t\t\t\t<div class=\"elementor-container elementor-column-gap-default\">\n\t\t\t\t\t<div class=\"elementor-column elementor-col-50 elementor-top-column elementor-element elementor-element-6af93f2\" data-id=\"6af93f2\" data-element_type=\"column\" data-e-type=\"column\">\n\t\t\t<div class=\"elementor-widget-wrap elementor-element-populated\">\n\t\t\t\t\t\t<div class=\"elementor-element elementor-element-de59f82 elementor-widget elementor-widget-text-editor\" data-id=\"de59f82\" data-element_type=\"widget\" data-e-type=\"widget\" data-widget_type=\"text-editor.default\">\n\t\t\t\t<div class=\"elementor-widget-container\">\n\t\t\t\t\t\t\t\t\t<h2>Montage<\/h2><hr \/><p>Wir sind Spezialisten f\u00fcr die Montage von Bauelementen. Alle Produkte, die wir verkaufen, bauen wir Ihnen selbstverst\u00e4ndlich fachgerecht ein. F\u00fcr unsere Monteure sprechen viele Gr\u00fcnde.<\/p><p>Unsere Monteure sind:<\/p>\t\t\t\t\t\t\t\t<\/div>\n\t\t\t\t<\/div>\n\t\t\t\t\t<\/div>\n\t\t<\/div>\n\t\t\t\t<div class=\"elementor-column elementor-col-50 elementor-top-column elementor-element elementor-element-031a9b9\" data-id=\"031a9b9\" data-element_type=\"column\" data-e-type=\"column\">\n\t\t\t<div class=\"elementor-widget-wrap elementor-element-populated\">\n\t\t\t\t\t\t<div class=\"elementor-element elementor-element-a5adeda elementor-widget elementor-widget-spacer\" data-id=\"a5adeda\" data-element_type=\"widget\" data-e-type=\"widget\" data-widget_type=\"spacer.default\">\n\t\t\t\t<div class=\"elementor-widget-container\">\n\t\t\t\t\t\t\t<div class=\"elementor-spacer\">\n\t\t\t<div class=\"elementor-spacer-inner\"><\/div>\n\t\t<\/div>\n\t\t\t\t\t\t<\/div>\n\t\t\t\t<\/div>\n\t\t\t\t\t<\/div>\n\t\t<\/div>\n\t\t\t\t\t<\/div>\n\t\t<\/section>\n\t\t\t\t<section class=\"elementor-section elementor-top-section elementor-element elementor-element-39288ac elementor-section-boxed elementor-section-height-default elementor-section-height-default\" data-id=\"39288ac\" data-element_type=\"section\" data-e-type=\"section\">\n\t\t\t\t\t\t<div class=\"elementor-container elementor-column-gap-default\">\n\t\t\t\t\t<div class=\"elementor-column elementor-col-50 elementor-top-column elementor-element elementor-element-aedf286\" data-id=\"aedf286\" data-element_type=\"column\" data-e-type=\"column\">\n\t\t\t<div class=\"elementor-widget-wrap elementor-element-populated\">\n\t\t\t\t\t\t<div class=\"elementor-element elementor-element-287d279 elementor-widget elementor-widget-image\" data-id=\"287d279\" data-element_type=\"widget\" data-e-type=\"widget\" data-widget_type=\"image.default\">\n\t\t\t\t<div class=\"elementor-widget-container\">\n\t\t\t\t\t\t\t\t\t\t\t\t\t\t\t<img fetchpriority=\"high\" decoding=\"async\" width=\"1024\" height=\"681\" src=\"https:\/\/kanther-syke.de\/wp-content\/uploads\/2022\/02\/Kanther-Tischlerei_208_-1024x681.jpg\" class=\"attachment-large size-large wp-image-2838\" alt=\"\" srcset=\"https:\/\/kanther-syke.de\/wp-content\/uploads\/2022\/02\/Kanther-Tischlerei_208_-1024x681.jpg 1024w, https:\/\/kanther-syke.de\/wp-content\/uploads\/2022\/02\/Kanther-Tischlerei_208_-300x200.jpg 300w, https:\/\/kanther-syke.de\/wp-content\/uploads\/2022\/02\/Kanther-Tischlerei_208_-768x511.jpg 768w, https:\/\/kanther-syke.de\/wp-content\/uploads\/2022\/02\/Kanther-Tischlerei_208_-1536x1022.jpg 1536w, https:\/\/kanther-syke.de\/wp-content\/uploads\/2022\/02\/Kanther-Tischlerei_208_-2048x1363.jpg 2048w\" sizes=\"(max-width: 1024px) 100vw, 1024px\" \/>\t\t\t\t\t\t\t\t\t\t\t\t\t\t\t<\/div>\n\t\t\t\t<\/div>\n\t\t\t\t\t<\/div>\n\t\t<\/div>\n\t\t\t\t<div class=\"elementor-column elementor-col-50 elementor-top-column elementor-element elementor-element-ded9da2\" data-id=\"ded9da2\" data-element_type=\"column\" data-e-type=\"column\">\n\t\t\t<div class=\"elementor-widget-wrap elementor-element-populated\">\n\t\t\t\t\t\t<div class=\"elementor-element elementor-element-e788dbd elementor-widget elementor-widget-text-editor\" data-id=\"e788dbd\" data-element_type=\"widget\" data-e-type=\"widget\" data-widget_type=\"text-editor.default\">\n\t\t\t\t<div class=\"elementor-widget-container\">\n\t\t\t\t\t\t\t\t\t<ul>\n<li>ausgebildete Tischlergesellen<\/li>\n<li>fachkompetent und qualifiziert<\/li>\n<li>zuverl\u00e4ssig<\/li>\n<li>flexibel<\/li>\n<li>kundenorientiert<\/li>\n<li>freundlich<\/li>\n<li>sie arbeiten z\u00fcgig und verantwortungsbewusst<\/li>\n<li>verf\u00fcgen \u00fcber langj\u00e4hrige Montageerfahrungen<\/li>\n<li>hinterlassen Baustellen aufger\u00e4umt<\/li>\n<li>bilden sich regelm\u00e4\u00dfig fort<\/li>\n<\/ul>\t\t\t\t\t\t\t\t<\/div>\n\t\t\t\t<\/div>\n\t\t\t\t\t<\/div>\n\t\t<\/div>\n\t\t\t\t\t<\/div>\n\t\t<\/section>\n\t\t\t\t<section class=\"elementor-section elementor-top-section elementor-element elementor-element-01aa99d elementor-section-boxed elementor-section-height-default elementor-section-height-default\" data-id=\"01aa99d\" data-element_type=\"section\" data-e-type=\"section\">\n\t\t\t\t\t\t<div class=\"elementor-container elementor-column-gap-default\">\n\t\t\t\t\t<div class=\"elementor-column elementor-col-50 elementor-top-column elementor-element elementor-element-be5f441\" data-id=\"be5f441\" data-element_type=\"column\" data-e-type=\"column\">\n\t\t\t<div class=\"elementor-widget-wrap elementor-element-populated\">\n\t\t\t\t\t\t<div class=\"elementor-element elementor-element-e8efd55 elementor-widget elementor-widget-text-editor\" data-id=\"e8efd55\" data-element_type=\"widget\" data-e-type=\"widget\" data-widget_type=\"text-editor.default\">\n\t\t\t\t<div class=\"elementor-widget-container\">\n\t\t\t\t\t\t\t\t\t<div id=\"container\"><div id=\"main\"><div class=\"inside\"><div id=\"beratung\" class=\"mod_article first last block\"><div class=\"ce_text first last block\"><h2>Beratung<\/h2><hr \/><p>Gut beraten &#8211; Mit uns finden Sie IHR Produkt! <strong>Eine Beratung<\/strong> bei uns in der Borgwardstra\u00dfe ist:<\/p><\/div><\/div><\/div><\/div><\/div>\t\t\t\t\t\t\t\t<\/div>\n\t\t\t\t<\/div>\n\t\t\t\t\t<\/div>\n\t\t<\/div>\n\t\t\t\t<div class=\"elementor-column elementor-col-50 elementor-top-column elementor-element elementor-element-b8b9cec\" data-id=\"b8b9cec\" data-element_type=\"column\" data-e-type=\"column\">\n\t\t\t<div class=\"elementor-widget-wrap\">\n\t\t\t\t\t\t\t<\/div>\n\t\t<\/div>\n\t\t\t\t\t<\/div>\n\t\t<\/section>\n\t\t\t\t<section class=\"elementor-section elementor-top-section elementor-element elementor-element-160faf1 elementor-section-boxed elementor-section-height-default elementor-section-height-default\" data-id=\"160faf1\" data-element_type=\"section\" data-e-type=\"section\">\n\t\t\t\t\t\t<div class=\"elementor-container elementor-column-gap-default\">\n\t\t\t\t\t<div class=\"elementor-column elementor-col-50 elementor-top-column elementor-element elementor-element-0c29c53\" data-id=\"0c29c53\" data-element_type=\"column\" data-e-type=\"column\">\n\t\t\t<div class=\"elementor-widget-wrap elementor-element-populated\">\n\t\t\t\t\t\t<div class=\"elementor-element elementor-element-1c40ceb elementor-widget elementor-widget-image\" data-id=\"1c40ceb\" data-element_type=\"widget\" data-e-type=\"widget\" data-widget_type=\"image.default\">\n\t\t\t\t<div class=\"elementor-widget-container\">\n\t\t\t\t\t\t\t\t\t\t\t\t\t\t\t<img decoding=\"async\" width=\"1024\" height=\"681\" src=\"https:\/\/kanther-syke.de\/wp-content\/uploads\/2022\/02\/Kanther-Tischlerei_075_-1024x681.jpg\" class=\"attachment-large size-large wp-image-2840\" alt=\"\" srcset=\"https:\/\/kanther-syke.de\/wp-content\/uploads\/2022\/02\/Kanther-Tischlerei_075_-1024x681.jpg 1024w, https:\/\/kanther-syke.de\/wp-content\/uploads\/2022\/02\/Kanther-Tischlerei_075_-300x200.jpg 300w, https:\/\/kanther-syke.de\/wp-content\/uploads\/2022\/02\/Kanther-Tischlerei_075_-768x511.jpg 768w, https:\/\/kanther-syke.de\/wp-content\/uploads\/2022\/02\/Kanther-Tischlerei_075_-1536x1022.jpg 1536w, https:\/\/kanther-syke.de\/wp-content\/uploads\/2022\/02\/Kanther-Tischlerei_075_-2048x1363.jpg 2048w\" sizes=\"(max-width: 1024px) 100vw, 1024px\" \/>\t\t\t\t\t\t\t\t\t\t\t\t\t\t\t<\/div>\n\t\t\t\t<\/div>\n\t\t\t\t\t<\/div>\n\t\t<\/div>\n\t\t\t\t<div class=\"elementor-column elementor-col-50 elementor-top-column elementor-element elementor-element-bf30520\" data-id=\"bf30520\" data-element_type=\"column\" data-e-type=\"column\">\n\t\t\t<div class=\"elementor-widget-wrap elementor-element-populated\">\n\t\t\t\t\t\t<div class=\"elementor-element elementor-element-6000a98 elementor-widget elementor-widget-text-editor\" data-id=\"6000a98\" data-element_type=\"widget\" data-e-type=\"widget\" data-widget_type=\"text-editor.default\">\n\t\t\t\t<div class=\"elementor-widget-container\">\n\t\t\t\t\t\t\t\t\t<ul>\n<li>kundenorientiert<\/li>\n<li>kompetent<\/li>\n<li>engagiert<\/li>\n<li>effektiv<\/li>\n<li>vielseitig<\/li>\n<li>umfassend<\/li>\n<\/ul>\t\t\t\t\t\t\t\t<\/div>\n\t\t\t\t<\/div>\n\t\t\t\t\t<\/div>\n\t\t<\/div>\n\t\t\t\t\t<\/div>\n\t\t<\/section>\n\t\t\t\t<section class=\"elementor-section elementor-top-section elementor-element elementor-element-94b6b8d elementor-section-boxed elementor-section-height-default elementor-section-height-default\" data-id=\"94b6b8d\" data-element_type=\"section\" data-e-type=\"section\">\n\t\t\t\t\t\t<div class=\"elementor-container elementor-column-gap-default\">\n\t\t\t\t\t<div class=\"elementor-column elementor-col-50 elementor-top-column elementor-element elementor-element-13d434e\" data-id=\"13d434e\" data-element_type=\"column\" data-e-type=\"column\">\n\t\t\t<div class=\"elementor-widget-wrap elementor-element-populated\">\n\t\t\t\t\t\t<div class=\"elementor-element elementor-element-0382ba9 elementor-widget elementor-widget-text-editor\" data-id=\"0382ba9\" data-element_type=\"widget\" data-e-type=\"widget\" data-widget_type=\"text-editor.default\">\n\t\t\t\t<div class=\"elementor-widget-container\">\n\t\t\t\t\t\t\t\t\t<p>Unser erfahrenes Personal beantwortet Ihre Fragen gerne. Vereinbaren Sie einen Beratungstermin oder kommen Sie spontan bei uns vorbei. Wir freuen uns auf Sie!<\/p>\t\t\t\t\t\t\t\t<\/div>\n\t\t\t\t<\/div>\n\t\t\t\t\t<\/div>\n\t\t<\/div>\n\t\t\t\t<div class=\"elementor-column elementor-col-50 elementor-top-column elementor-element elementor-element-62b06b9\" data-id=\"62b06b9\" data-element_type=\"column\" data-e-type=\"column\">\n\t\t\t<div class=\"elementor-widget-wrap\">\n\t\t\t\t\t\t\t<\/div>\n\t\t<\/div>\n\t\t\t\t\t<\/div>\n\t\t<\/section>\n\t\t\t\t<section class=\"elementor-section elementor-top-section elementor-element elementor-element-e04720d elementor-section-boxed elementor-section-height-default elementor-section-height-default\" data-id=\"e04720d\" data-element_type=\"section\" data-e-type=\"section\">\n\t\t\t\t\t\t<div class=\"elementor-container elementor-column-gap-default\">\n\t\t\t\t\t<div class=\"elementor-column elementor-col-50 elementor-top-column elementor-element elementor-element-77e346c\" data-id=\"77e346c\" data-element_type=\"column\" data-e-type=\"column\">\n\t\t\t<div class=\"elementor-widget-wrap elementor-element-populated\">\n\t\t\t\t\t\t<div class=\"elementor-element elementor-element-ee626ac elementor-widget elementor-widget-image\" data-id=\"ee626ac\" data-element_type=\"widget\" data-e-type=\"widget\" data-widget_type=\"image.default\">\n\t\t\t\t<div class=\"elementor-widget-container\">\n\t\t\t\t\t\t\t\t\t\t\t\t\t\t\t<img decoding=\"async\" width=\"1024\" height=\"681\" src=\"https:\/\/kanther-syke.de\/wp-content\/uploads\/2022\/02\/Kanther-Tischlerei_136_-1024x681.jpg\" class=\"attachment-large size-large wp-image-2841\" alt=\"\" srcset=\"https:\/\/kanther-syke.de\/wp-content\/uploads\/2022\/02\/Kanther-Tischlerei_136_-1024x681.jpg 1024w, https:\/\/kanther-syke.de\/wp-content\/uploads\/2022\/02\/Kanther-Tischlerei_136_-300x200.jpg 300w, https:\/\/kanther-syke.de\/wp-content\/uploads\/2022\/02\/Kanther-Tischlerei_136_-768x511.jpg 768w, https:\/\/kanther-syke.de\/wp-content\/uploads\/2022\/02\/Kanther-Tischlerei_136_-1536x1022.jpg 1536w, https:\/\/kanther-syke.de\/wp-content\/uploads\/2022\/02\/Kanther-Tischlerei_136_-2048x1363.jpg 2048w\" sizes=\"(max-width: 1024px) 100vw, 1024px\" \/>\t\t\t\t\t\t\t\t\t\t\t\t\t\t\t<\/div>\n\t\t\t\t<\/div>\n\t\t\t\t\t<\/div>\n\t\t<\/div>\n\t\t\t\t<div class=\"elementor-column elementor-col-50 elementor-top-column elementor-element elementor-element-a5d2e19\" data-id=\"a5d2e19\" data-element_type=\"column\" data-e-type=\"column\">\n\t\t\t<div class=\"elementor-widget-wrap elementor-element-populated\">\n\t\t\t\t\t\t<div class=\"elementor-element elementor-element-3e3812e elementor-widget elementor-widget-image\" data-id=\"3e3812e\" data-element_type=\"widget\" data-e-type=\"widget\" data-widget_type=\"image.default\">\n\t\t\t\t<div class=\"elementor-widget-container\">\n\t\t\t\t\t\t\t\t\t\t\t\t\t\t\t<img loading=\"lazy\" decoding=\"async\" width=\"1024\" height=\"681\" src=\"https:\/\/kanther-syke.de\/wp-content\/uploads\/2022\/02\/Kanther-Tischlerei_105_-1024x681.jpg\" class=\"attachment-large size-large wp-image-2842\" alt=\"\" srcset=\"https:\/\/kanther-syke.de\/wp-content\/uploads\/2022\/02\/Kanther-Tischlerei_105_-1024x681.jpg 1024w, https:\/\/kanther-syke.de\/wp-content\/uploads\/2022\/02\/Kanther-Tischlerei_105_-300x200.jpg 300w, https:\/\/kanther-syke.de\/wp-content\/uploads\/2022\/02\/Kanther-Tischlerei_105_-768x511.jpg 768w, https:\/\/kanther-syke.de\/wp-content\/uploads\/2022\/02\/Kanther-Tischlerei_105_-1536x1022.jpg 1536w, https:\/\/kanther-syke.de\/wp-content\/uploads\/2022\/02\/Kanther-Tischlerei_105_-2048x1363.jpg 2048w\" sizes=\"(max-width: 1024px) 100vw, 1024px\" \/>\t\t\t\t\t\t\t\t\t\t\t\t\t\t\t<\/div>\n\t\t\t\t<\/div>\n\t\t\t\t\t<\/div>\n\t\t<\/div>\n\t\t\t\t\t<\/div>\n\t\t<\/section>\n\t\t\t\t<\/div>\n\t\t","protected":false},"excerpt":{"rendered":"<p>Montage Wir sind Spezialisten f\u00fcr die Montage von Bauelementen. Alle Produkte, die wir verkaufen, bauen wir Ihnen selbstverst\u00e4ndlich fachgerecht ein. F\u00fcr unsere Monteure sprechen viele Gr\u00fcnde. Unsere Monteure sind: ausgebildete Tischlergesellen fachkompetent und qualifiziert zuverl\u00e4ssig flexibel kundenorientiert freundlich sie arbeiten z\u00fcgig und verantwortungsbewusst verf\u00fcgen \u00fcber langj\u00e4hrige Montageerfahrungen hinterlassen Baustellen aufger\u00e4umt bilden sich regelm\u00e4\u00dfig fort Beratung&hellip;&nbsp;<a href=\"https:\/\/kanther-syke.de\/?page_id=396\" rel=\"bookmark\">Mehr lesen &raquo;<span class=\"screen-reader-text\">Service und Beratung<\/span><\/a><\/p>\n","protected":false},"author":1,"featured_media":0,"parent":0,"menu_order":0,"comment_status":"closed","ping_status":"closed","template":"","meta":{"neve_meta_sidebar":"","neve_meta_container":"","neve_meta_enable_content_width":"","neve_meta_content_width":70,"neve_meta_title_alignment":"","neve_meta_author_avatar":"","neve_post_elements_order":"","neve_meta_disable_header":"","neve_meta_disable_footer":"","neve_meta_disable_title":"on","neve_meta_reading_time":"","_themeisle_gutenberg_block_has_review":false,"footnotes":""},"class_list":["post-396","page","type-page","status-publish","hentry"],"_links":{"self":[{"href":"https:\/\/kanther-syke.de\/index.php?rest_route=\/wp\/v2\/pages\/396","targetHints":{"allow":["GET"]}}],"collection":[{"href":"https:\/\/kanther-syke.de\/index.php?rest_route=\/wp\/v2\/pages"}],"about":[{"href":"https:\/\/kanther-syke.de\/index.php?rest_route=\/wp\/v2\/types\/page"}],"author":[{"embeddable":true,"href":"https:\/\/kanther-syke.de\/index.php?rest_route=\/wp\/v2\/users\/1"}],"replies":[{"embeddable":true,"href":"https:\/\/kanther-syke.de\/index.php?rest_route=%2Fwp%2Fv2%2Fcomments&post=396"}],"version-history":[{"count":31,"href":"https:\/\/kanther-syke.de\/index.php?rest_route=\/wp\/v2\/pages\/396\/revisions"}],"predecessor-version":[{"id":2845,"href":"https:\/\/kanther-syke.de\/index.php?rest_route=\/wp\/v2\/pages\/396\/revisions\/2845"}],"wp:attachment":[{"href":"https:\/\/kanther-syke.de\/index.php?rest_route=%2Fwp%2Fv2%2Fmedia&parent=396"}],"curies":[{"name":"wp","href":"https:\/\/api.w.org\/{rel}","templated":true}]}}